 g is divided by 4?
2
Suppose -f = -5*q + 10945 + 127, -5*q + 5*f + 11060 = 0. What is the remainder when q is divided by 732?
19
Suppose -4*y + 124 = w + w, -3*w + 5*y = -142. Suppose -3*b = 3*a - w, -2*a = -3*b - 4*a + 51. What is the remainder when 16/(-4) - -46 - 3 is divided by b?
9
Let f = 1620 - 1577. What is the remainder when 506 is divided by f?
33
Suppose 3*z - 2*u - 3493 = 1604, 4*z - 4*u - 6792 = 0. What is the remainder when z is divided by 282?
9
Suppose 4*x = -2*f - 66, f + 33 + 19 = -3*x. Let t = -142 + 101. Let g = x - t. What is the remainder when 63 is divided by g?
19
Let x = -100 + 119. Suppose 12*i - x*i = -203. What is the remainder when 86 is divided by i?
28
Let t be (-1 - 0)/(3/6). What is the remainder when ((1 - (-4)/3) + t)*33 is divided by (6/(-15))/((-2)/40)?
3
Suppose -927 = 23*a - 28*a - 2*v, 2*a = -3*v + 373. What is the remainder when 560 is divided by a?
5
Let l(q) = -42*q**3 - 2*q**2 + 5*q - 1. Let h be l(2). Let j = -189 - h. What is the remainder when j is divided by 74?
72
Suppose 0 = 45*z + 161 - 621 - 215. What is the remainder when z is divided by (-2 - 0/2) + 3?
0
Calculate the remainder when 401 is divided by (-28)/48*-670 - 2/(-9 - 3).
10
Let b be 2/(-9) - (-146)/9. Let m = b + 0. Suppose -26*l = -78*l - 19*l + 923. Calculate the remainder when m is divided by l.
3
Suppose -2*i - 239 = -i + q, -3*i + q - 713 = 0. Let u = 252 + i. What is the remainder when 27 is divided by u?
13
What is the remainder when 450890/4*(-52)/(-143) is divided by 56?
54
Let r(i) = i**3 + 7*i**2 + 3*i + 1. Suppose -5*n + 40 = 0, -2*n - 255 = -5*l + 264. Calculate the remainder when l is divided by r(-3).
23
Suppose 4*r - 2*b + 199 - 577 = 0, -3*r + 5*b + 294 = 0. Let y(m) = -m**3 - 6*m**2 + 7*m + 5 - 2*m + 0*m. What is the remainder when r is divided by y(-7)?
17
Let y(n) = -15*n**2 + 46*n**3 - 48*n**3 + 7*n - 18*n - 23. Let t(m) = 10*m - 6. What is the remainder when t(6) is divided by y(-7)?
4
Suppose 5*c + 0*c = 2745. What is the remainder when (c/(-6))/((-5)/((-160)/(-12))) is divided by 41?
39
What is the remainder when 247 is divided by 871/78 + 25/30?
7
Let x be 2 + -7 + 8/1. Suppose 19*h = x*h + 1104. Calculate the remainder when h is divided by 18.
15
Suppose h + 353 = 2*h - 513. Calculate the remainder when h is divided by 95.
11
Let v be 2152/60 + (-5)/((-75)/2). Let m be -2 + v + 5 + -5. Suppose 20 = i + 3*r - 11, -r - m = -2*i. What is the remainder when 94 is divided by i?
18
Let g be -4 + 1*5*(-640)/100. What is the remainder when 239 is divided by 8/(-6) + 1 - 1452/g?
39
Let b = 10222 + -10213. Calculate the remainder when 447 is divided by b.
6
Suppose i - 2*w = 0, -1 = 4*i + w + 17. Let q(r) be the first derivative of -13*r**2/2 - 38*r - 57. Calculate the remainder when 50 is divided by q(i).
8
Let z = -2937 + 2964. What is the remainder when 160 is divided by z?
25
Let x = 15 - 10. Suppose 0 = -x*o + 112 + 123. Suppose o = 2*y + 11. Calculate the remainder when 70 is divided by y.
16
Suppose -8*z + 531 + 29 = 0. Suppose 5*w - 139*x - 68 = -136*x, 1 = -x. What is the remainder when z is divided by w?
5
Suppose -167*y + 213 = -164*y. Suppose f - 4*d - 14 = 23, 4*d = 3*f - y. What is the remainder when 24 is divided by f?
7
Let m = 159 + -154. Let i(g) = -g**3 + 8*g**2 - 12*g + 15. What is the remainder when 238 is divided by i(m)?
28
Suppose 5 + 11 = 4*q. Suppose -q*j - 2 = m, -4*m = -0*m - j - 60. Suppose 3*l - 43 = m. What is the remainder when 49 is divided by l?
11
Let g = 650 - 570. Let w(d) = d**3 - 3*d**2 - 4*d - 3. What is the remainder when g is divided by w(5)?
26
Let a(u) be the first derivative of 5*u**2/2 - 15*u + 2. Suppose -3*r + 372 = 9*r. Calculate the remainder when a(15) is divided by r.
29
Let f(w) = -w**3 + w**2 + 2*w + 33. Suppose -63 - 1 = -4*j. Let d = 16 - j. Calculate the remainder when f(d) is divided by 9.
6
Suppose 7501 = 46*f - 1101. Calculate the remainder when 558 is divided by f.
184
Let d(r) = -r**3 + 24*r**2 + 8*r - 329. Calculate the remainder when 771 is divided by d(23).
3
Let s = 6 - -58. Let o(r) = -r**2 + 78*r - 926. What is the remainder when o(18) is divided by s?
26
Suppose -3*j - 3*g + 1074 = 0, -77*j + 78*j - 334 = 5*g. Calculate the remainder when j is divided by 11.
2
Calculate the remainder when 26/((-442)/(-153)) - -568 is divided by 82.
3
Suppose -3*l - 2*v + 6*v + 151 = 0, -44 = -l - 5*v. Let b = -57306 - -57333. Calculate the remainder when l is divided by b.
22
Suppose v = -4*k - 764 + 3359, 1310 = 2*k - 2*v. Calculate the remainder when k is divided by 129.
5
Suppose -237 - 327 = -12*u. Suppose 4*c - 20 = 0, -33 = -m - c + 13. Calculate the remainder when u is divided by m.
6
Suppose 4*m - 210 + 43 - 41 = 0. Calculate the remainder when 149 is divided by m.
45
Let s(t) = -t**3 - 53*t**2 + 106*t - 184. What is the remainder when 9033 is divided by s(-55)?
33
Let a(m) be the second derivative of m**3/6 - 11*m**2/2 - 24*m. Let h be a(12). What is the remainder when 43 is divided by (1/h)/((-13)/(-208))?
11
Suppose 0 = -3*d, 350 + 295 = 5*n - d. Calculate the remainder when 5416 is divided by n.
127
Let v = -221 - -235. Suppose d + v = u, 5*d - 55 = -2*u + 8. Calculate the remainder when u is divided by 12.
7
Let p(b) = b**3 - 97*b**2 + 185*b + 500. Calculate the remainder when 258 is divided by p(95).
8
Let b = 15 - -13. Let s be ((-24)/14)/((-2)/b). Let q = -4 + s. What is the remainder when 39 is divided by q?
19
Suppose 0 = -1298*u + 1295*u - 5*h + 190, 5*u = h + 242. Calculate the remainder when 491 is divided by u.
41
Let t(u) = -12*u - 4. Let o(f) = -20*f - 67. Let p be o(-3). Calculate the remainder when t(-3) is divided by 7/((-2)/(p + 5)).
4
Suppose 60*d - 59*d - 15 = 0. Suppose 35 = n + 4*x + 4, 5*x = d. Calculate the remainder when 34 is divided by n.
15
Let r = -537 + 721. Suppose -4*t + 2*t - r = -4*y, -2*y + 2*t + 92 = 0. Calculate the remainder when y is divided by (-12)/(-8)*32/3.
14
What is the remainder when 336 is divided by (4/(48/20))/(7/147)?
21
Let v(x) = -x**3 + x**2 + x + 96. Let t be v(0). Suppose -4*u = -4*w + u + 100, t = 5*w + u. Let d = 17 - 6. Calculate the remainder when w is divided by d.
9
Suppose -5*s + 454 = 3*a - 0*a, -2*a = -s + 96. Suppose 248*d = 133*d + 150*d - 980. Calculate the remainder when s is divided by d.
8
Suppose -3*n - 23*n + 2665 = 15*n. What is the remainder when 130 is divided by n?
0
Let y be (-2)/(-4) + (-166)/(-4). Let w be (-13 + (-407)/(-33))*9. What is the remainder when (y/(-9))/(w/45) is divided by 9?
8
What is the remainder when -45*350/(-21) + 1 + -8 is divided by 181?
19
Let l(w) = -w**3 + 2*w**2 + 9*w + 6. Calculate the remainder when 258 is divided by l(-3).
18
Let n(r) = -3*r**3 - 4*r**2 - 3*r - 10. Let j be n(-3). Suppose -23*s - 819 = -j*s. Calculate the remainder when s is divided by 1/((-2)/4) + 16.
11
Let v(b) = -b**3 + 17*b**2 - 30*b + 21. Let p be -2 + 2 + (-132)/(-3). Suppose 2*m = 80 + p. Calculate the remainder when m is divided by v(15).
20
Let f = 5382 - 5259. What is the remainder when 744 is divided by f?
6
Calculate the remainder when (169/(-4))/(43/11352*-11) is divided by 83.
18
Suppose -16*u - 40 = -24*u. Suppose 9*g - 160 = 5*g. Suppose -u*n = -n - g. Calculate the remainder when 29 is divided by n.
9
Let u(k) = 6*k - 104. Let a be u(26). Suppose 151 = 3*t + 4*v, -t - 3*v + 2*v + a = 0. What is the remainder when 337 is divided by t?
52
Let o = 131 + -8. Suppose 3*u - 136 = -t, -323*u = -318*u + 3*t - 236. What is the remainder when o is divided by u?
37
Suppose -5*j = -3*a + 4, 4 = -4*a + 2*j + 14. Suppose 128 = -a*b + 176. Calculate the remainder when (8/6)/((-2)/(-117)) is divided by b.
14
Suppose 559*k - 540 = 539*k. Calculate the remainder when 1293 is divided by k.
24
Let o be (-252)/(-5) - (-4)/(-10). Suppose 0 = 2*j + 3*j - o. Calculate the remainder when (156/(-54))/13 + ((-1045)/(-45) - 6) is divided by j.
7
Let f = 26 + -24. Let i be (228/(-16))/(1*6/(-16)). Suppose f*m = 5*h - 168, h + m + 3*m = i. What is the remainder when h is divided by 9?
7
Let a be 4 + (-128)/36 + 35596/18. Calculate the remainder when a/42 - 46/483 is divided by 26.
21
Suppose -3*w - 25 + 100 = 0. Let u = 54 - w. Calculate the remainder when u is divided by ((-40)/(-2))/((-7 -